
Let g(h) = 3*h + 3 + 0 - 6*h - 10*h. What is the remainder when g(-5) is divided by 23?
22
Calculate the remainder when 19 is divided by (-6)/(-4)*(-5)/(-15)*8.
3
Suppose -4*o - 9 = 3. Let k(y) = -4*y - 1. What is the remainder when k(o) is divided by 2 - 5/(15/(-6))?
3
Suppose -x + 0*x + 5*p + 9 = 0, 4*x - 5*p - 21 = 0. Suppose x*b = -1 - 3. What is the remainder when 55 is divided by ((-25)/b - -2) + 1?
27
What is the remainder when 3*116/(4 + 0) is divided by 30?
27
Suppose 3*k = 4*z + 31, 5*k = 9*z - 5*z + 41. What is the remainder when 1/(0 - -1) + 8 is divided by k?
4
Let l = -12 + 21. Calculate the remainder when 119/5 - (-10)/50 is divided by l.
6
Suppose 9*h + 161 = 908. What is the remainder when h is divided by 21?
20
Suppose 0 = -x + 11 + 7. Calculate the remainder when 4 is divided by (-12)/(-18)*x/4.
1
What is the remainder when 37 is divided by -3*((-76)/(-6))/(-2)?
18
Let i = -27 + 17. Let g be (i/(-6))/(6/216). Suppose -2*y = 2*y - g. What is the remainder when y is divided by 8?
7
Let i be 2 + (-3)/((-6)/4). Suppose 0 = -i*r + 89 - 9. Suppose -4*v - v + r = 0. What is the remainder when 6 is divided by v?
2
Let j = 11 - 6. Suppose 0 = -n + 3*n - 6. Calculate the remainder when j is divided by n.
2
Suppose 5*k + 3*b = 170, 136 = 4*k - 0*b + 3*b. Let f = 1 + k. Let n = 7 + 5. What is the remainder when f is divided by n?
11
Suppose 0*b = 5*b - 65. What is the remainder when 140 is divided by b?
10
Suppose 2*s + 5 = i, 5*s - 4 = 2*i - 12. Suppose v + 33 = -z - 0*z, 3*v = z - 103. Calculate the remainder when 1/2*-1*v is divided by i.
8
Suppose -134 = -2*r + 3*m, -5*r + m = -3*m - 321. Calculate the remainder when r is divided by 10/(-45) - (357/(-27) + -3).
13
Suppose 4 = 2*j - 0*j + x, -4*j + x = -14. Let t(a) = -a + 2. Suppose 3*n + 20 = -2*n. Calculate the remainder when t(n) is divided by j.
0
Suppose 33 = 4*b - 7. What is the remainder when b is divided by 6?
4
Suppose -3 + 1 = -2*u. Let t(a) = 14*a**3 + a**2 + a - 1. What is the remainder when 43 is divided by t(u)?
13
Suppose 4*p + 4*x - 590 = -198, -5*p = -3*x - 498. What is the remainder when p is divided by 25?
24
Suppose -3*b + 93 = v, 51 = 2*b - 2*v - 3. What is the remainder when 57/5 - 12/b is divided by 3?
2
Let d(w) = 5*w**2 + 3. Calculate the remainder when 67 is divided by d(2).
21
Suppose -q + 54 = 5*q. What is the remainder when 29 is divided by q?
2
Let k(h) = 13*h - 19. Calculate the remainder when k(17) is divided by 12.
10
Suppose 2*v - 6 - 36 = 0. Suppose -3*u = -v + 6. What is the remainder when (32/2)/(1/((-1)/(-2))) is divided by u?
3
Let u(n) = -n - 3. Let t be u(-6). Suppose 2*l + l - 24 = 0. Calculate the remainder when 4/t*(-63)/(-6) is divided by l.
6
What is the remainder when 48 is divided by 16 + (-4)/(-2) - 1?
14
Let h(w) = 6*w - 2. Let o(y) = -y. Let k(b) = -h(b) - 8*o(b). Suppose -11 = -4*t + 17. Calculate the remainder when k(t) is divided by 6.
4
Let q = 71 - 42. What is the remainder when 56 is divided by q?
27
Suppose -3*s = -5 - 4. Suppose -s*u - 50 = -179. Calculate the remainder when u is divided by 15.
13
Let h(s) = -86*s**3 - 2*s**2 - s. Suppose 4 = -5*f - u, 4 = -2*f + u + u. What is the remainder when h(f) is divided by 22?
19
Suppose 9*z - 75 = 4*z. Suppose -z = -l + 23. What is the remainder when l is divided by 13?
12
Suppose 2*f + 5 = -7. Calculate the remainder when 12 is divided by -10*1*f/12.
2
Suppose -5*p + 11*p = 636. Calculate the remainder when p is divided by 12.
10
Suppose 0 = 4*a - 0*a - 32. Let i(t) = -t + 10. Let v be i(8). Suppose 3*n - 8 = -2*u + n, 5*n - v = u. What is the remainder when a is divided by u?
2
Suppose 4*h - 5 = -5*i, 3*h = -4*i + 1 + 2. Let v = -6 + i. What is the remainder when (3 - (-3 - v)) + 12 is divided by 3?
0
Let m(j) = j**2 - j - 5. Let k be m(4). Suppose -k*c = -2*c - 60. What is the remainder when 34 is divided by c?
10
Let p(r) = -r**3 - r**2 + r + 7. Let q be p(-5). Suppose 3*a = -w + 5*w - 141, -a - q = -3*w. Calculate the remainder when w is divided by 9.
6
Let l(h) = h**2 + h + 6. Calculate the remainder when l(-5) is divided by 5.
1
Let u = -34 + 67. Suppose -44 + 234 = 5*x. Suppose 4*n = -m + 69, -m = -2*n - 5*m + x. What is the remainder when u is divided by n?
16
Let a = -6 + 119. Calculate the remainder when a is divided by 38.
37
Let q = -9 + 18. Suppose 0*k + 5*k - 25 = 0. Calculate the remainder when q is divided by k.
4
Let k = 54 - 30. Let g = k + -6. What is the remainder when 34 is divided by g?
16
Let y = 35 - 27. What is the remainder when y is divided by 3?
2
Suppose q - 17 - 17 = 0. Let m be (1/2)/((-3)/(-414)). Suppose -i = -3*p - 15, -m = -2*i - 2*i + 3*p. What is the remainder when q is divided by i?
16
Let w(j) = 15*j - 9. Calculate the remainder when w(4) is divided by 14.
9
Suppose 2*d - 107 = -3*q + 3*d, 0 = 2*d - 2. What is the remainder when (q - -1) + 2 - 3 is divided by 19?
17
What is the remainder when 102 is divided by ((-10)/4 + 1)/(33/(-572))?
24
Suppose 0 = -i - 2 + 14. Calculate the remainder when 28 is divided by i.
4
Let j(z) = 1 + 2 - z + 2. Calculate the remainder when (-122)/(-4) - (-2)/4 is divided by j(-6).
9
Suppose -3*f + w = -110, -3*w + 2 + 10 = 0. What is the remainder when 187 is divided by f?
35
Calculate the remainder when -12*((-4)/(-3) + -2) is divided by 8.
0
Suppose 2*g - 8 = 0, 4*c + 20 = 3*g + 60. Let b be (6/4)/(3/(-4)). Calculate the remainder when b - (-1 - (2 + 24)) is divided by c.
12
Suppose 4*r - 6*r + 12 = 0. Suppose -4*n + r = 2*q, 5*n + 2*q - 25 = 3*q. What is the remainder when 6 is divided by n?
2
Suppose -63 = -5*g - 13. What is the remainder when 57 is divided by g?
7
Let g be -3 + 2/1*-1. Let f = -1 - g. Suppose -78 = -f*m + 6. Calculate the remainder when m is divided by 11.
10
Let j = -11 - -57. What is the remainder when 182 is divided by j?
44
Suppose 4*k = 7 + 25. Suppose 0 = -0*t + 2*t - k. Let n = 4 + t. Calculate the remainder when 15 is divided by n.
7
Let g be (3 + -57 - -3)*-1. Let w = g + -8. Calculate the remainder when w is divided by 11.
10
Let c(k) = 2*k**2 + 3*k - 3. Let i = -3 + 0. Let d be c(i). Let r(j) = j + 4. Calculate the remainder when 19 is divided by r(d).
9
Let t(h) be the second derivative of h**3/6 - 5*h**2/2 - h. What is the remainder when t(7) is divided by 2?
0
Suppose 104*c = 100*c + 24. Calculate the remainder when 14 is divided by c.
2
Suppose -p + 42 = 5*r, 2*p - 5*r + 0*r = 9. What is the remainder when 50 is divided by p?
16
Suppose -5*y - 8*y + 182 = 0. Suppose -5*i + 17 = -a, 23 = 4*i + i + a. Calculate the remainder when y is divided by i.
2
Suppose 0*y + 2*y - 14 = 0. Calculate the remainder when y is divided by 3.
1
Let k be (4/6)/(2/12). Suppose 3*q + 51 = n, -k = -4*q + 5*q. Calculate the remainder when n is divided by 10.
9
Let t = -6 + 4. What is the remainder when 15 is divided by (-36)/10*5/t?
6
What is the remainder when (-13 - -109) + (1 - 0) + -2 is divided by 14?
11
Let i(n) = -2*n + 3. Let p(q) = -q + 1. Let z(k) = i(k) - 4*p(k). Suppose -y - 12 = -7*y. What is the remainder when 8 is divided by z(y)?
2
Suppose 137 + 34 = 3*k. What is the remainder when k is divided by 20?
17
Let r(a) = -a**2 - 17*a + 16. What is the remainder when 45 is divided by r(-17)?
13
Suppose 2*p + 1 + 1 = 2*b, 3*b - 2 = 4*p. Let f(v) = 3*v**2 - 9*v + 1. Calculate the remainder when p is divided by f(3).
0
Calculate the remainder when 51 is divided by (28/12 - 2)*54.
15
Calculate the remainder when 274/10 + 4/(-10) is divided by 10.
7
Suppose 0 = 2*a - 0*a - 3*z - 48, -12 = 3*z. What is the remainder when 546/27 - 4/a is divided by 11?
9
Suppose 3*y + 30 = x, 5*x + 6*y - 99 = 4*y. Suppose 145 = 3*i - 41. What is the remainder when i is divided by x?
20
What is the remainder when ((-3)/(-2) - 3)/(4/(-200)) is divided by 11?
9
Let m be -5 + (-3)/(-1) - -8. Calculate the remainder when (9/m)/(3/68) is divided by 12.
10
Suppose -y = -0*y. Let c(l) = -l**2 + 11. What is the remainder when 32 is divided by c(y)?
10
Let k(t) be the third derivative of t**4/3 - t**3/6 + 3*t**2. What is the remainder when k(2) is divided by 8?
7
Let a = 60 + -40. Suppose 28 = 2*c + 5*p - 15, p + 13 = 2*c. Suppose -1 - c = -5*x, -4*n - 3*x + 50 = 0. What is the remainder when a is divided by n?
9
Let v(z